{"id":231,"date":"2016-12-21T10:53:53","date_gmt":"2016-12-21T10:53:53","guid":{"rendered":"http:\/\/barlettiwaas.eu\/?page_id=231"},"modified":"2016-12-21T12:35:20","modified_gmt":"2016-12-21T12:35:20","slug":"text","status":"publish","type":"page","link":"https:\/\/barlettiwaas.eu\/?page_id=231","title":{"rendered":"Text"},"content":{"rendered":"<section class=\"post-meta fix post-nothumb media\">\n<section class=\"bd post-header fix\">\n<section class=\"bd post-title-section fix\">\n<h1 class=\"post-title fix\">Non avevo mai letto niente di Peter Handke<\/h1>\n<div class=\"metabar\">\n<div class=\"metabar-pad\"><em>Pubblicato il <time class=\"date time published updated sc\" datetime=\"2014-12-20T07:15:43+00:00\">20 dicembre 2014<\/time> \u00b7 in <span class=\"categories sc\"><a href=\"https:\/\/www.alfabeta2.it\/categorie\/peterhandke\/\" rel=\"category tag\">peterhandke<\/a><\/span> \u00b7 <span class=\"post-comments sc\"><a href=\"https:\/\/www.alfabeta2.it\/2014\/12\/20\/non-avevo-mai-letto-niente-peter-handke\/#wp-comments\">Add Comment<\/a><\/span><\/em><\/div>\n<\/div>\n<\/section>\n<\/section>\n<\/section>\n<div class=\"entry_wrap fix\">\n<div class=\"entry_content\">\n<p><i><b>Lea Barletti<\/b><\/i><\/p>\n<p>Non avevo mai letto niente di Peter Handke. Si, da ragazzina mi era passato tra le mani <i>La donna mancina<\/i>: non ne conservo alcun ricordo. Poi, circa tre anni, fa ho visto in libreria <i>La notte della Morava<\/i>: l\u2019ho preso, come spesso faccio, perch\u00e9 mi piaceva il titolo. Ho iniziato a leggerlo, e non potevo credere ai miei occhi, o meglio alla vastit\u00e0 di pensiero che si dispiegava dentro di me al ritmo della sua scrittura come al ritmo del camminare. (&#8230;)\u00a0<a href=\"https:\/\/barlettiwaas.eu\/foto-video\/text\/non-avevo-mai-letto-niente-di-handke-di-lea-barletti\">more<\/a><\/p>\n<\/div>\n<\/div>\n<div class=\"entry_wrap fix\"><\/div>\n<h1 class=\"western\"><\/h1>\n<h1 class=\"western\">Come si \u00e8 arrivati a Autodiffamazione<\/h1>\n<p><i><em>Pubblicato il <time class=\"date time published updated sc\" datetime=\"2014-12-20T07:10:58+00:00\">20 dicembre 2014<\/time> \u00b7 in <span class=\"categories sc\"><a href=\"https:\/\/www.alfabeta2.it\/categorie\/peterhandke\/\" rel=\"category tag\">peterhandke<\/a><\/span> \u00b7 <span class=\"post-comments sc\"><a href=\"https:\/\/www.alfabeta2.it\/2014\/12\/20\/come-si-arrivati-autodiffamazione\/#wp-comments\">Add Comment<\/a><\/span><\/em><\/i><\/p>\n<p><i><b>Werner Waas<\/b><\/i><\/p>\n<p>All&#8217;inizio c&#8217;era l&#8217;entusiasmo di Lea, sempre di nuovo quel suo entusiasmo! per <i>La notte della Morava<\/i>. E poi c&#8217;era quel suo pluriennale insistere, ossessivo, ininterrotto, perch\u00e9 tirassi fuori un testo, un progetto sul quale lavorare e scappare cos\u00ec dalle contingenze quotidiane e dal vuoto che ci stava per inghiottire. In fondo non avevamo pi\u00f9 fatto nulla di veramente degno di nota dalla nostra <i>Anarchia in Baviera<\/i> due anni prima. Io non avevo voglia di fare niente, non avevo nessun&#8217;idea in grado di mettere in moto qualcosa (&#8230;)\u00a0<a href=\"https:\/\/barlettiwaas.eu\/?page_id=278&amp;preview=true\">more<\/a><\/p>\n<h1 class=\"western\"><\/h1>\n<h1 class=\"western\">Das Lehrst\u00fcck aus der Subjektive<\/h1>\n<p class=\"western\"><span style=\"font-family: 'Times New Roman', serif;\"><span style=\"font-size: large;\">Februar 2015, Villa Vigoni, ein Impulsreferat<\/span><\/span><\/p>\n<p class=\"western\"><strong><em>Werner Waas<\/em><\/strong><\/p>\n<p class=\"western\"><span style=\"font-family: 'Times New Roman', serif;\">Liebe Seminarteilnehmer,<\/span><\/p>\n<p class=\"western\"><a name=\"_GoBack\"><\/a> <span style=\"font-family: 'Times New Roman', serif;\">mein Vater war Lehrer. Meine Mutter auch. Ich habe ein P\u00e4dagogentrauma. Wenn ich eine Schule betrete, habe ich noch heute ein ungutes Gef\u00fchl. Wenn Brecht in seinem Text zur <\/span><span style=\"font-family: 'Times New Roman', serif;\"><i>Theorie der P\u00e4dagogien<\/i><\/span><span style=\"font-family: 'Times New Roman', serif;\"> vom \u201eNutzen f\u00fcr den Staat [\u2026] durch den werdenden B\u00fcrger\u201c spricht<a class=\"sdfootnoteanc\" href=\"#sdfootnote1sym\" name=\"sdfootnote1anc\"><sup>1<\/sup><\/a>, bekomme ich G\u00e4nsehaut. Die Universit\u00e4t habe ich nach der Zwischenpr\u00fcfung abgebrochen, weil ich ein Sinnproblem hatte mit dem Gelehrten. Ja, und jetzt stehe ich da und soll meine Meinung zum Lehrst\u00fcck sagen. (&#8230; )<a href=\"https:\/\/barlettiwaas.eu\/foto-video\/text\/das-lehrstuck-aus-der-subjektive\">more<\/a><\/span><\/p>\n<div id=\"head-articolo\">\n<h1><\/h1>\n<p>&nbsp;<\/p>\n<h1 id=\"titolo-nodo\">Parole Jelinek. Patria<\/h1>\n<p class=\"western\"><strong><em>Werner Waas<\/em><\/strong><\/p>\n<p id=\"sottotitolo-nodo\">Cara E.,<\/p>\n<\/div>\n<div id=\"corpo-nodo\">\n<p>mi chiedi di scrivere qualcosa sul concetto di Patria e sulle possibilit\u00e0 di rappresentazione. Ti ho detto che non ero sicuro che sarei riuscito a produrre un testo davvero pubblicabile ma che ci avrei provato, ed eccomi qua&#8230; Lascer\u00f2 da parte per il momento E.J. e cercher\u00f2 di partire dal concetto in questione. Patria-<em>Vaterland<\/em> dunque.<\/p>\n<p>Qualche mese fa \u00e8 morto mio padre. Sono stato con lui fino a quando il suo corpo non era freddo (quel corpo a termine, di cui tutti siamo provvisti e nel quale si vede pi\u00f9 che in ogni altra cosa il passare del tempo. Corpo scandaloso, non sempre bello, ma allo stesso tempo sede di tutti gli strumenti che abbiamo a disposizione per scoprire il mondo). Ora mio padre non c\u2019\u00e8 pi\u00f9, se non nella mia memoria o nelle cose in cui io e i miei fratelli gli assomigliamo. Non ho scelto io di nascere suo figlio, n\u00e9 lui ha voluto proprio me, nel senso di quel me che sono diventato (anche se poi \u00e8 stato orgoglioso di me). (&#8230;)\u00a0<a href=\"https:\/\/barlettiwaas.eu\/foto-video\/text\/parole-jelinek-patria\">more<\/a><\/p>\n<h1 class=\"western\"><\/h1>\n<p>&nbsp;<\/p>\n<h1 class=\"western\">Nachwort zu &#8220;L\u00b4Ora della Morte&#8221; di Herbert Achternbusch, Effigie Editore<\/h1>\n<p class=\"western\"><strong><em>Werner Waas<\/em><\/strong><\/p>\n<p class=\"western\" lang=\"it-IT\">Caro Herbert,<\/p>\n<p class=\"western\" lang=\"it-IT\">\u00e8 passato molto tempo dalla prima lettera che ti ho scritto, ma questa, che per il momento \u00e8 anche l&#8217;ultima, \u00e8 una lettera particolare, accompagna infatti l&#8217;uscita italiana del tuo libro <i>L&#8217;Ora della Morte<\/i>. Tutto sommato abbiamo aspettato solo 10 anni prima che arrivasse il momento.<\/p>\n<p class=\"western\" lang=\"it-IT\">La prima volta che ho sentito parlare di te avr\u00f2 avuto a malapena 16 anni. Tu eri gi\u00e0 piuttosto conosciuto allora, avevi realizzato qualche film, pubblicato dei libri fra i quali anche <i>L&#8217;Ora della Morte<\/i>, ma per noi ragazzi di paese eri ancora una scoperta. Dalle nostre parti non eri molto ben visto, avevi fama di chi sputa nel piatto in cui mangi, era difficile trovare libri tuoi l\u00ec dove eri cresciuto e dove io allora cercavo di trovare la mia strada, in Bassa Baviera.<\/p>\n<p class=\"western\" lang=\"it-IT\">Poter leggere il nome di un paese come Deggendorf, Hengersberg, o anche il tuo Breitenbach in un romanzo, a me allora era sembrato un miracolo, (&#8230;)\u00a0<a href=\"https:\/\/barlettiwaas.eu\/foto-video\/text\/postfazione-a-lora-della-morte-di-achternbusch-effigie-editore\">more<\/a><\/p>\n<div id=\"sdfootnote11\"><\/div>\n<h1 class=\"western\"><\/h1>\n<h1 class=\"western\">Selbstbefragung zu Elfriede Jelinek in Italien<\/h1>\n<p class=\"western\"><strong><em>Werner Waas<\/em><\/strong><\/p>\n<p class=\"western\" lang=\"it-IT\"><span lang=\"de-DE\"><i>Entschuldige die Frage, aber was h\u00e4ltst du von der Jelinek?<\/i><\/span><\/p>\n<p class=\"western\">Pers\u00f6nlich kenne ich sie nicht. Aber in dem sp\u00e4rlichen Schriftwechsel via Mail, den wir hatten, erschien sie mir als eine sehr offene, freundliche und konkrete Person, die auch gerne etwas Abstand bewahrt. Ihre \u00f6ffentliche Erscheinung hingegen, ihre Selbstinszenierung, hat etwas monstr\u00f6ses: all diese eindrucksvollen Fotos mit diesen Frisuren und ausgefallenen Kleidern, dem Lippenstift und diesen Hintergr\u00fcnden. All das erscheint mir zwar auch als ein Kunstwerk, aber es interessiert mich weniger als ihre Texte, vor allem die Theatertexte. Ja, ihre \u00f6ffentliche Figur und die zugeh\u00f6rige Rolle, die sie in der Kulturwelt spielt, haben mich lange Zeit in die Irre gef\u00fchrt und ich h\u00e4tte mich ihrem Werk nie gen\u00e4hert, wenn nicht der Zufall mit ins Spiel gekommen w\u00e4re. Zu dominierend, zu mainstreamy erschien mir ihr Bild, eine Art kultureller Keule. (&#8230;)\u00a0<a href=\"https:\/\/barlettiwaas.eu\/foto-video\/text\/selbstbefragung-zu-elfriede-jelinek-in-italien\">more<\/a><\/p>\n<\/div>\n","protected":false},"excerpt":{"rendered":"<p>Non avevo mai letto niente di Peter Handke Pubblicato il 20 dicembre 2014 \u00b7 in peterhandke \u00b7 Add Comment Lea Barletti Non avevo mai letto niente di Peter Handke. Si, da ragazzina mi era passato tra le mani La donna mancina: non ne conservo alcun ricordo. Poi, circa tre anni, fa ho visto in libreria [&hellip;]<\/p>\n","protected":false},"author":1,"featured_media":0,"parent":104,"menu_order":0,"comment_status":"closed","ping_status":"closed","template":"","meta":{"footnotes":""},"class_list":["post-231","page","type-page","status-publish","hentry"],"jetpack_sharing_enabled":true,"_links":{"self":[{"href":"https:\/\/barlettiwaas.eu\/index.php?rest_route=\/wp\/v2\/pages\/231","targetHints":{"allow":["GET"]}}],"collection":[{"href":"https:\/\/barlettiwaas.eu\/index.php?rest_route=\/wp\/v2\/pages"}],"about":[{"href":"https:\/\/barlettiwaas.eu\/index.php?rest_route=\/wp\/v2\/types\/page"}],"author":[{"embeddable":true,"href":"https:\/\/barlettiwaas.eu\/index.php?rest_route=\/wp\/v2\/users\/1"}],"replies":[{"embeddable":true,"href":"https:\/\/barlettiwaas.eu\/index.php?rest_route=%2Fwp%2Fv2%2Fcomments&post=231"}],"version-history":[{"count":19,"href":"https:\/\/barlettiwaas.eu\/index.php?rest_route=\/wp\/v2\/pages\/231\/revisions"}],"predecessor-version":[{"id":280,"href":"https:\/\/barlettiwaas.eu\/index.php?rest_route=\/wp\/v2\/pages\/231\/revisions\/280"}],"up":[{"embeddable":true,"href":"https:\/\/barlettiwaas.eu\/index.php?rest_route=\/wp\/v2\/pages\/104"}],"wp:attachment":[{"href":"https:\/\/barlettiwaas.eu\/index.php?rest_route=%2Fwp%2Fv2%2Fmedia&parent=231"}],"curies":[{"name":"wp","href":"https:\/\/api.w.org\/{rel}","templated":true}]}}

<section class="post-meta fix post-nothumb media">
<section class="bd post-header fix">
<section class="bd post-title-section fix">
<h1 class="post-title fix">Non avevo mai letto niente di Peter Handke</h1>
<div class="metabar">
<div class="metabar-pad"><em>Pubblicato il <time class="date time published updated sc" datetime="2014-12-20T07:15:43+00:00">20 dicembre 2014</time> · in <span class="categories sc"><a href="https://www.alfabeta2.it/categorie/peterhandke/" rel="category tag">peterhandke</a></span> · <span class="post-comments sc"><a href="https://www.alfabeta2.it/2014/12/20/non-avevo-mai-letto-niente-peter-handke/#wp-comments">Add Comment</a></span></em></div>
</div>
</section>
</section>
</section>
<div class="entry_wrap fix">
<div class="entry_content">
<p><i><b>Lea Barletti</b></i></p>
<p>Non avevo mai letto niente di Peter Handke. Si, da ragazzina mi era passato tra le mani <i>La donna mancina</i>: non ne conservo alcun ricordo. Poi, circa tre anni, fa ho visto in libreria <i>La notte della Morava</i>: l’ho preso, come spesso faccio, perché mi piaceva il titolo. Ho iniziato a leggerlo, e non potevo credere ai miei occhi, o meglio alla vastità di pensiero che si dispiegava dentro di me al ritmo della sua scrittura come al ritmo del camminare. (&#8230;) <a href="https://barlettiwaas.eu/foto-video/text/non-avevo-mai-letto-niente-di-handke-di-lea-barletti">more</a></p>
</div>
</div>
<div class="entry_wrap fix"></div>
<h1 class="western"></h1>
<h1 class="western">Come si è arrivati a Autodiffamazione</h1>
<p><i><em>Pubblicato il <time class="date time published updated sc" datetime="2014-12-20T07:10:58+00:00">20 dicembre 2014</time> · in <span class="categories sc"><a href="https://www.alfabeta2.it/categorie/peterhandke/" rel="category tag">peterhandke</a></span> · <span class="post-comments sc"><a href="https://www.alfabeta2.it/2014/12/20/come-si-arrivati-autodiffamazione/#wp-comments">Add Comment</a></span></em></i></p>
<p><i><b>Werner Waas</b></i></p>
<p>All&#8217;inizio c&#8217;era l&#8217;entusiasmo di Lea, sempre di nuovo quel suo entusiasmo! per <i>La notte della Morava</i>. E poi c&#8217;era quel suo pluriennale insistere, ossessivo, ininterrotto, perché tirassi fuori un testo, un progetto sul quale lavorare e scappare così dalle contingenze quotidiane e dal vuoto che ci stava per inghiottire. In fondo non avevamo più fatto nulla di veramente degno di nota dalla nostra <i>Anarchia in Baviera</i> due anni prima. Io non avevo voglia di fare niente, non avevo nessun&#8217;idea in grado di mettere in moto qualcosa (&#8230;) <a href="https://barlettiwaas.eu/?page_id=278&amp;preview=true">more</a></p>
<h1 class="western"></h1>
<h1 class="western">Das Lehrstück aus der Subjektive</h1>
<p class="western"><span style="font-family: 'Times New Roman', serif;"><span style="font-size: large;">Februar 2015, Villa Vigoni, ein Impulsreferat</span></span></p>
<p class="western"><strong><em>Werner Waas</em></strong></p>
<p class="western"><span style="font-family: 'Times New Roman', serif;">Liebe Seminarteilnehmer,</span></p>
<p class="western"><a name="_GoBack"></a> <span style="font-family: 'Times New Roman', serif;">mein Vater war Lehrer. Meine Mutter auch. Ich habe ein Pädagogentrauma. Wenn ich eine Schule betrete, habe ich noch heute ein ungutes Gefühl. Wenn Brecht in seinem Text zur </span><span style="font-family: 'Times New Roman', serif;"><i>Theorie der Pädagogien</i></span><span style="font-family: 'Times New Roman', serif;"> vom „Nutzen für den Staat […] durch den werdenden Bürger“ spricht<a class="sdfootnoteanc" href="#sdfootnote1sym" name="sdfootnote1anc"><sup>1</sup></a>, bekomme ich Gänsehaut. Die Universität habe ich nach der Zwischenprüfung abgebrochen, weil ich ein Sinnproblem hatte mit dem Gelehrten. Ja, und jetzt stehe ich da und soll meine Meinung zum Lehrstück sagen. (&#8230; )<a href="https://barlettiwaas.eu/foto-video/text/das-lehrstuck-aus-der-subjektive">more</a></span></p>
<div id="head-articolo">
<h1></h1>
<p>&nbsp;</p>
<h1 id="titolo-nodo">Parole Jelinek. Patria</h1>
<p class="western"><strong><em>Werner Waas</em></strong></p>
<p id="sottotitolo-nodo">Cara E.,</p>
</div>
<div id="corpo-nodo">
<p>mi chiedi di scrivere qualcosa sul concetto di Patria e sulle possibilità di rappresentazione. Ti ho detto che non ero sicuro che sarei riuscito a produrre un testo davvero pubblicabile ma che ci avrei provato, ed eccomi qua&#8230; Lascerò da parte per il momento E.J. e cercherò di partire dal concetto in questione. Patria-<em>Vaterland</em> dunque.</p>
<p>Qualche mese fa è morto mio padre. Sono stato con lui fino a quando il suo corpo non era freddo (quel corpo a termine, di cui tutti siamo provvisti e nel quale si vede più che in ogni altra cosa il passare del tempo. Corpo scandaloso, non sempre bello, ma allo stesso tempo sede di tutti gli strumenti che abbiamo a disposizione per scoprire il mondo). Ora mio padre non c’è più, se non nella mia memoria o nelle cose in cui io e i miei fratelli gli assomigliamo. Non ho scelto io di nascere suo figlio, né lui ha voluto proprio me, nel senso di quel me che sono diventato (anche se poi è stato orgoglioso di me). (&#8230;) <a href="https://barlettiwaas.eu/foto-video/text/parole-jelinek-patria">more</a></p>
<h1 class="western"></h1>
<p>&nbsp;</p>
<h1 class="western">Nachwort zu &#8220;L´Ora della Morte&#8221; di Herbert Achternbusch, Effigie Editore</h1>
<p class="western"><strong><em>Werner Waas</em></strong></p>
<p class="western" lang="it-IT">Caro Herbert,</p>
<p class="western" lang="it-IT">è passato molto tempo dalla prima lettera che ti ho scritto, ma questa, che per il momento è anche l&#8217;ultima, è una lettera particolare, accompagna infatti l&#8217;uscita italiana del tuo libro <i>L&#8217;Ora della Morte</i>. Tutto sommato abbiamo aspettato solo 10 anni prima che arrivasse il momento.</p>
<p class="western" lang="it-IT">La prima volta che ho sentito parlare di te avrò avuto a malapena 16 anni. Tu eri già piuttosto conosciuto allora, avevi realizzato qualche film, pubblicato dei libri fra i quali anche <i>L&#8217;Ora della Morte</i>, ma per noi ragazzi di paese eri ancora una scoperta. Dalle nostre parti non eri molto ben visto, avevi fama di chi sputa nel piatto in cui mangi, era difficile trovare libri tuoi lì dove eri cresciuto e dove io allora cercavo di trovare la mia strada, in Bassa Baviera.</p>
<p class="western" lang="it-IT">Poter leggere il nome di un paese come Deggendorf, Hengersberg, o anche il tuo Breitenbach in un romanzo, a me allora era sembrato un miracolo, (&#8230;) <a href="https://barlettiwaas.eu/foto-video/text/postfazione-a-lora-della-morte-di-achternbusch-effigie-editore">more</a></p>
<div id="sdfootnote11"></div>
<h1 class="western"></h1>
<h1 class="western">Selbstbefragung zu Elfriede Jelinek in Italien</h1>
<p class="western"><strong><em>Werner Waas</em></strong></p>
<p class="western" lang="it-IT"><span lang="de-DE"><i>Entschuldige die Frage, aber was hältst du von der Jelinek?</i></span></p>
<p class="western">Persönlich kenne ich sie nicht. Aber in dem spärlichen Schriftwechsel via Mail, den wir hatten, erschien sie mir als eine sehr offene, freundliche und konkrete Person, die auch gerne etwas Abstand bewahrt. Ihre öffentliche Erscheinung hingegen, ihre Selbstinszenierung, hat etwas monströses: all diese eindrucksvollen Fotos mit diesen Frisuren und ausgefallenen Kleidern, dem Lippenstift und diesen Hintergründen. All das erscheint mir zwar auch als ein Kunstwerk, aber es interessiert mich weniger als ihre Texte, vor allem die Theatertexte. Ja, ihre öffentliche Figur und die zugehörige Rolle, die sie in der Kulturwelt spielt, haben mich lange Zeit in die Irre geführt und ich hätte mich ihrem Werk nie genähert, wenn nicht der Zufall mit ins Spiel gekommen wäre. Zu dominierend, zu mainstreamy erschien mir ihr Bild, eine Art kultureller Keule. (&#8230;) <a href="https://barlettiwaas.eu/foto-video/text/selbstbefragung-zu-elfriede-jelinek-in-italien">more</a></p>
</div>
